he remainder when 286 is divided by 12?
10
What is the remainder when 310 is divided by 147?
16
Calculate the remainder when 44 is divided by 8.
4
What is the remainder when 2219 is divided by 247?
243
What is the remainder when 1046 is divided by 109?
65
What is the remainder when 584 is divided by 65?
64
What is the remainder when 39 is divided by 6?
3
Calculate the remainder when 609 is divided by 20.
9
Calculate the remainder when 1206 is divided by 31.
28
What is the remainder when 6213 is divided by 148?
145
Calculate the remainder when 1659 is divided by 25.
9
Calculate the remainder when 2779 is divided by 96.
91
Calculate the remainder when 13131 is divided by 67.
66
Calculate the remainder when 114 is divided by 66.
48
Calculate the remainder when 142 is divided by 8.
6
What is the remainder when 315 is divided by 63?
0
What is the remainder when 8491 is divided by 20?
11
Calculate the remainder when 162 is divided by 76.
10
Calculate the remainder when 150 is divided by 52.
46
Calculate the remainder when 468 is divided by 268.
200
Calculate the remainder when 217 is divided by 10.
7
Calculate the remainder when 337 is divided by 159.
19
Calculate the remainder when 390 is divided by 17.
16
What is the remainder when 193 is divided by 22?
17
What is the remainder when 501 is divided by 11?
6
Calculate the remainder when 8777 is divided by 57.
56
Calculate the remainder when 3115 is divided by 41.
40
Calculate the remainder when 10619 is divided by 5.
4
Calculate the remainder when 49 is divided by 31.
18
What is the remainder when 1416 is divided by 438?
102
Calculate the remainder when 993 is divided by 270.
183
What is the remainder when 598 is divided by 150?
148
What is the remainder when 7980 is divided by 95?
0
What is the remainder when 159 is divided by 25?
9
What is the remainder when 84 is divided by 59?
25
What is the remainder when 171 is divided by 80?
11
Calculate the remainder when 285 is divided by 136.
13
What is the remainder when 4259 is divided by 87?
83
Calculate the remainder when 20 is divided by 2.
0
What is the remainder when 439 is divided by 21?
19
Calculate the remainder when 1768 is divided by 583.
19
Calculate the remainder when 135 is divided by 31.
11
Calculate the remainder when 492 is divided by 9.
6
Calculate the remainder when 51 is divided by 19.
13
What is the remainder when 7003 is divided by 68?
67
Calculate the remainder when 863 is divided by 109.
100
Calculate the remainder when 426 is divided by 61.
60
What is the remainder when 381 is divided by 165?
51
Calculate the remainder when 3169 is divided by 25.
19
Calculate the remainder when 82 is divided by 15.
7
Calculate the remainder when 254 is divided by 127.
0
What is the remainder when 387 is divided by 15?
12
What is the remainder when 77 is divided by 16?
13
What is the remainder when 1343 is divided by 1334?
9
What is the remainder when 1956 is divided by 28?
24
Calculate the remainder when 51 is divided by 30.
21
Calculate the remainder when 161 is divided by 41.
38
What is the remainder when 310 is divided by 173?
137
Calculate the remainder when 12812 is divided by 233.
230
Calculate the remainder when 654 is divided by 642.
12
What is the remainder when 753 is divided by 36?
33
Calculate the remainder when 79 is divided by 59.
20
What is the remainder when 662 is divided by 289?
84
Calculate the remainder when 1595 is divided by 7.
6
What is the remainder when 2396 is divided by 11?
9
What is the remainder when 1078 is divided by 15?
13
Calculate the remainder when 750 is divided by 196.
162
Calculate the remainder when 469 is divided by 68.
61
What is the remainder when 988 is divided by 238?
36
What is the remainder when 1626 is divided by 74?
72
Calculate the remainder when 222 is divided by 14.
12
What is the remainder when 249 is divided by 42?
39
What is the remainder when 260 is divided by 211?
49
Calculate the remainder when 2518 is divided by 28.
26
Calculate the remainder when 494 is divided by 232.
30
What is the remainder when 867 is divided by 53?
19
What is the remainder when 1004 is divided by 12?
8
Calculate the remainder when 2624 is divided by 19.
2
What is the remainder when 961 is divided by 218?
89
What is the remainder when 60 is divided by 17?
9
Calculate the remainder when 965 is divided by 22.
19
Calculate the remainder when 10848 is divided by 70.
68
What is the remainder when 1490 is divided by 68?
62
Calculate the remainder when 44 is divided by 17.
10
Calculate the remainder when 349 is divided by 115.
4
Calculate the remainder when 108 is divided by 48.
12
What is the remainder when 43 is divided by 31?
12
What is the remainder when 57 is divided by 12?
9
Calculate the remainder when 54 is divided by 17.
3
What is the remainder when 427 is divided by 36?
31
What is the remainder when 882 is divided by 68?
66
What is the remainder when 1714 is divided by 156?
154
What is the remainder when 68 is divided by 3?
2
What is the remainder when 198 is divided by 61?
15
What is the remainder when 23715 is divided by 37?
35
What is the remainder when 123 is divided by 41?
0
Calculate the remainder when 4078 is divided by 34.
32
Calculate the remainder when 901 is divided by 875.
26
Calculate the remainder when 1019 is divided by 5.
4
What is the remainder when 22 is divided by 19?
3
What is the remainder when 1080 is divided by 265?
20
What is the remainder when 100 is divided by 49?
2
Calculate the remainder when 75 is divided by 9.
3
What is the remainder when 103 is divided by 29?
16
Calculate the remainder when 113 is divided by 31.
20
Calculate the remainder when 1641 is divided by 283.
226
What is the remainder when 406 is divided by 24?
22
What is the remainder when 7127 is divided by 12?
11
Calculate the remainder when 6398 is divided by 128.
126
Calculate the remainder when 254 is divided by 20.
14
What is the remainder when 28 is divided by 27?
1
Calculate the remainder when 1553 is divided by 306.
23
What is the remainder when 182 is divided by 48?
38
Calculate the remainder when 685 is divided by 21.
13
Calculate the remainder when 111 is divided by 55.
1
Calculate the remainder when 242 is divided by 128.
114
What is the remainder when 73 is divided by 22?
7
Calculate the remainder when 386 is divided by 2.
0
What is the remainder when 868 is divided by 79?
78
What is the remainder when 1438 is divided by 11?
8
What is the remainder when 1278 is divided by 64?
62
Calculate the remainder when 387 is divided by 97.
96
Calculate the remainder when 1927 is divided by 39.
16
What is the remainder when 79 is divided by 62?
17
What is the remainder when 8 is divided by 5?
3
Calculate the remainder when 1848 is divided by 155.
143
What is the remainder when 79 is divided by 45?
34
Calculate the remainder when 328 is divided by 85.
73
What is the remainder when 114 is divided by 107?
7
What is the remainder when 123 is divided by 123?
0
What is the remainder when 5664 is divided by 28?
8
What is the remainder when 65 is divided by 26?
13
What is the remainder when 1960 is divided by 471?
76
What is the remainder when 357 is divided by 11?
5
What is the remainder when 28 is divided by 5?
3
What is the remainder when 405 is divided by 9?
0
Calculate the remainder when 486 is divided by 50.
36
Calculate the remainder when 91393 is divided by 45.
43
What is the remainder when 2041 is divided by 61?
28
What is the remainder when 405 is divided by 123?
36
Calculate the remainder when 4586 is divided by 148.
146
What is the remainder when 123 is divided by 18?
15
Calculate the remainder when 1082 is divided by 155.
152
Calculate the remainder when 128 is divided by 22.
18
Calculate the remainder when 92 is divided by 47.
45
What is the remainder when 2214 is divided by 183?
18
Calculate the remainder when 144 is divided by 91.
53
What is the remainder when 7007 is divided by 163?
161
What is the remainder when 585 is divided by 84?
81
What is the remainder when 31 is divided by 14?
3
Calculate the remainder when 138 is divided by 10.
8
What is the remainder when 99 is divided by 67?
32
What is the remainder when 523 is divided by 181?
161
Calculate the remainder when 101 is divided by 96.
5
Calculate the rem